{"id":43,"date":"2024-01-07T12:39:47","date_gmt":"2024-01-07T11:39:47","guid":{"rendered":"https:\/\/sgkomp.pl\/?page_id=43"},"modified":"2024-01-13T19:05:13","modified_gmt":"2024-01-13T18:05:13","slug":"czym-sie-zajmujemy","status":"publish","type":"page","link":"https:\/\/sgkomp.pl\/?page_id=43","title":{"rendered":"Czym si\u0119 zajmujemy"},"content":{"rendered":"\n<p class=\"has-medium-font-size\">\ud83d\udee0\ufe0f <strong>Naprawa, Przygotowanie, Konfiguracja &#8211; Tw\u00f3j Sprz\u0119t, Nasza Pasja!<\/strong> Nasi eksperci nie boj\u0105 si\u0119 \u017cadnych wyzwa\u0144. Naprawiamy, przygotowujemy i konfigurujemy komputery, laptopy, serwery oraz inne urz\u0105dzenia sieciowe. Nasze us\u0142ugi obejmuj\u0105 nie tylko popraw\u0119 efektywno\u015bci, ale tak\u017ce dostosowanie sprz\u0119tu do indywidualnych potrzeb klienta.<\/p>\n\n\n\n<p class=\"has-medium-font-size\">\ud83d\udee1\ufe0f <strong>Bezpiecze\u0144stwo To Nasz Priorytet!<\/strong> Zapomnij o nocnych koszmarach zwi\u0105zanych z cyberbezpiecze\u0144stwem. Nasza firma dba o to, aby\u015bcie si\u0119 czuli bezpiecznie. Zaawansowane zapory sieciowe, antywirusy, szyfrowanie danych &#8211; to tylko cz\u0119\u015b\u0107 naszych dzia\u0142a\u0144 maj\u0105cych na celu ochron\u0119 Waszych informacji.<\/p>\n\n\n\n<p class=\"has-medium-font-size\">\ud83c\udfe1 <strong>Praca Zdalna &#8211; Bezpiecznie i Sprawnie!<\/strong> Wdra\u017camy bezpieczne technologie pracy zdalnej, umo\u017cliwiaj\u0105ce pe\u0142ny dost\u0119p do zasob\u00f3w sieci biurowej. Bezpiecze\u0144stwo to nasza misja, wi\u0119c mo\u017cesz by\u0107 pewien, \u017ce Twoje dane s\u0105 w bezpiecznych r\u0119kach, gdziekolwiek jeste\u015b.<\/p>\n\n\n\n<p class=\"has-medium-font-size\">\ud83c\udf10 <strong>Pomoc Zdalna &#8211; Gdziekolwiek Jeste\u015b!<\/strong> Dzi\u0119ki naszej zdalnej pomocy mo\u017cemy by\u0107 przy Tobie, niezale\u017cnie od tego, gdzie si\u0119 znajdujesz. Wystarczy dost\u0119p do Internetu, a my rozwi\u0105\u017cemy ka\u017cdy problem szybko i skutecznie.<\/p>\n\n\n\n<p class=\"has-medium-font-size\">\ud83d\udcbb <strong>Oprogramowanie Bez Dodatkowych Licencji!<\/strong> Chcemy, aby korzystanie z nowoczesnych technologii by\u0142o \u0142atwe i dost\u0119pne dla wszystkich. Dlatego wi\u0119kszo\u015b\u0107 naszych rozwi\u0105za\u0144 opiera si\u0119 na oprogramowaniu nie wymagaj\u0105cym dodatkowych licencji. Oszcz\u0119dno\u015b\u0107 dla Ciebie, innowacje dla nas!<\/p>\n\n\n\n<p class=\"has-medium-font-size\">\u2601\ufe0f <strong>Profesjonalne us\u0142ugi hostingowe! <\/strong>Stworzy\u0142e\u015b, lub planujesz stworzy\u0107 serwis WWW i nie chcesz zag\u0142\u0119bia\u0107 si\u0119 w tajniki konfiguracji us\u0142ug na serwerze? A mo\u017ce tw\u00f3j obecny hosting nie jest dostatecznie elastyczny? Nasza oferta jest w sam raz dla Ciebie, stosujemy rozwi\u0105zania skrojone pod potrzeby i mo\u017cliwo\u015bci klienta, dzi\u0119ki czemu mo\u017cesz w pe\u0142ni skupi\u0107 si\u0119 na rozwoju swojej strony lub aplikacji, nie martwi\u0105c si\u0119 o kwestie techniczne z tym zwi\u0105zane.<\/p>\n\n\n\n<p class=\"has-medium-font-size\">\ud83d\udcf6 <strong>Sieci Bezprzewodowe na Miar\u0119 Twoich Potrzeb!<\/strong> Tworzymy i wdra\u017camy sieci bezprzewodowe dostosowane do Twoich potrzeb i mo\u017cliwo\u015bci.<\/p>\n","protected":false},"excerpt":{"rendered":"<p>\ud83d\udee0\ufe0f Naprawa, Przygotowanie, Konfiguracja &#8211; Tw\u00f3j Sprz\u0119t, Nasza Pasja! Nasi eksperci nie boj\u0105 si\u0119 \u017cadnych wyzwa\u0144. Naprawiamy, przygotowujemy i konfigurujemy komputery, laptopy, serwery oraz inne urz\u0105dzenia sieciowe. Nasze us\u0142ugi obejmuj\u0105 nie tylko popraw\u0119 efektywno\u015bci, ale tak\u017ce dostosowanie sprz\u0119tu do indywidualnych &hellip; <a href=\"https:\/\/sgkomp.pl\/?page_id=43\">Czytaj dalej <span class=\"meta-nav\">&rarr;<\/span><\/a><\/p>\n","protected":false},"author":1,"featured_media":0,"parent":0,"menu_order":0,"comment_status":"closed","ping_status":"closed","template":"","meta":{"footnotes":""},"class_list":["post-43","page","type-page","status-publish","hentry"],"_links":{"self":[{"href":"https:\/\/sgkomp.pl\/index.php?rest_route=\/wp\/v2\/pages\/43","targetHints":{"allow":["GET"]}}],"collection":[{"href":"https:\/\/sgkomp.pl\/index.php?rest_route=\/wp\/v2\/pages"}],"about":[{"href":"https:\/\/sgkomp.pl\/index.php?rest_route=\/wp\/v2\/types\/page"}],"author":[{"embeddable":true,"href":"https:\/\/sgkomp.pl\/index.php?rest_route=\/wp\/v2\/users\/1"}],"replies":[{"embeddable":true,"href":"https:\/\/sgkomp.pl\/index.php?rest_route=%2Fwp%2Fv2%2Fcomments&post=43"}],"version-history":[{"count":5,"href":"https:\/\/sgkomp.pl\/index.php?rest_route=\/wp\/v2\/pages\/43\/revisions"}],"predecessor-version":[{"id":106,"href":"https:\/\/sgkomp.pl\/index.php?rest_route=\/wp\/v2\/pages\/43\/revisions\/106"}],"wp:attachment":[{"href":"https:\/\/sgkomp.pl\/index.php?rest_route=%2Fwp%2Fv2%2Fmedia&parent=43"}],"curies":[{"name":"wp","href":"https:\/\/api.w.org\/{rel}","templated":true}]}}