{"id":46,"date":"2024-01-07T13:05:07","date_gmt":"2024-01-07T12:05:07","guid":{"rendered":"https:\/\/sgkomp.pl\/?page_id=46"},"modified":"2024-01-07T14:03:20","modified_gmt":"2024-01-07T13:03:20","slug":"technologie","status":"publish","type":"page","link":"https:\/\/sgkomp.pl\/?page_id=46","title":{"rendered":"Technologie"},"content":{"rendered":"\n<p class=\"has-medium-font-size\">\ud83d\udce8 <strong>Serwery pocztowe<\/strong> &#8211; je\u015bli potrzebujesz poczty elektronicznej kt\u00f3ra na prawd\u0119 b\u0119dzie twoja. Je\u017celi bezpiecze\u0144stwo i poufno\u015b\u0107 twojej poczty e-mail jest dla Ciebie najwy\u017cszym priorytetem. To na pewno zainteresuje Ci\u0119 nasze rozwi\u0105zanie, oferujemy system pocztowy oparty o komponenty kt\u00f3re przede wszystkim nastawione s\u0105 na bezpiecze\u0144stwo i poufno\u015b\u0107 korespondencji.<\/p>\n\n\n\n<p class=\"has-medium-font-size\">\ud83d\udee1\ufe0f<strong> Zapory sieciowe<\/strong> &#8211; W obliczu zagro\u017ce\u0144 sieciowych z kt\u00f3rymi zmaga si\u0119 dzisiejsze IT, nie zalecamy opieranie swoich zabezpiecze\u0144 na routerze kt\u00f3ry jest dostarczany cz\u0119sto przez dostawc\u0119 internetu. Urz\u0105dzenia te niestety s\u0105 konfigurowane w spos\u00f3b najbardziej prosty i standardowy, a co za tym idzie cz\u0119sto w spos\u00f3b powszechnie znany, co u\u0142atwia zadanie cyberprzest\u0119pcom. Oferujemy rozwi\u0105zanie kt\u00f3re mo\u017ce dzia\u0142a\u0107 jako dodatkowa warstwa bezpiecze\u0144stwa lub niezale\u017cnie zast\u0119puj\u0105c router od dostawcy. Opr\u00f3cz znacznego zwi\u0119kszenia poziomu bezpiecze\u0144stwa sieci komputerowej, rozwi\u0105zanie takie otwiera nam tak\u017ce nowe mo\u017cliwo\u015bci, takie jak zdalny dost\u0119p do sieci firmowej, \u0142\u0105czenie ze sob\u0105 wielu sieci oddalonych od siebie geograficznie, segmentacj\u0119 sieci, analiz\u0119 ruchu w sieci komputerowej, blokowanie dost\u0119pu do tre\u015bci kt\u00f3re s\u0105 uznane za nieodpowiednie.<\/p>\n\n\n\n<p class=\"has-medium-font-size\">\ud83d\udea8 <strong>Monitoring system\u00f3w <\/strong>&#8211; Wi\u0119kszo\u015bci awarii o skutkach katastrofalnych dla twojego biznesu da si\u0119 unikn\u0105\u0107, je\u017celi wiadomo o o nich zanim wyst\u0105pi\u0105. Znaczna ilo\u015b\u0107 problem\u00f3w mo\u017ce by\u0107 zidentyfikowana wcze\u015bniej na podstawie pewnych symptom\u00f3w, nasz system monitorowania czuwa nad dobr\u0105 kondycj\u0105 system\u00f3w naszych klient\u00f3w, dzi\u0119ki autorskim modu\u0142om i do\u015bwiadczeniu jeste\u015bmy w stanie wykry\u0107 znaczn\u0105 ilo\u015b\u0107 awarii i na czas im zapobiec.<\/p>\n\n\n\n<p class=\"has-medium-font-size\">\ud83d\udcfc <strong>Kopia zapasowa <\/strong>&#8211; Oferujemy dostosowane do potrzeb i mo\u017cliwo\u015bci klienta rozwi\u0105zania i strategie w zakresie zabezpieczenia danych przed ich trwa\u0142\u0105 utrat\u0105.<\/p>\n\n\n\n<p class=\"has-medium-font-size\">\ud83d\udd10\ud83c\udf10 <strong>Zdalny dost\u0119p <\/strong>&#8211; Ile razy zdarzy\u0142o Ci si\u0119 \u017ce by\u0107 poza biurem na przyk\u0142ad na spotkaniu, i potrzebowa\u0107 pliku kt\u00f3ry znajdowa\u0142 si\u0119 na firmowym serwerze w biurze lub by\u0142 zbyt du\u017cy by kto\u015b wys\u0142a\u0142 go do Ciebie mailem? Technologia VPN rozwi\u0105zuje ten problem, umo\u017cliwia w spos\u00f3b bezpieczny z dowolnego miejsca na ziemi po\u0142\u0105czy\u0107 si\u0119 z zasobem na serwerze firmowym, celem pobrania niezb\u0119dnych danych. Przy pomocy VPN mo\u017cesz korzysta\u0107 z zasob\u00f3w sieci firmowej tak jakby\u015b fizycznie znajdowa\u0142 si\u0119 w biurze.<\/p>\n\n\n\n<p class=\"has-medium-font-size\">\ud83d\udcbb <strong>Pomoc zdalna <\/strong>&#8211; Nasi specjali\u015bci rozwi\u0105zuj\u0105 99% problem\u00f3w poprzez po\u0142\u0105czenie zdalne, z twoim komputerem, serwerem a nawet je\u015bli jest to technicznie mo\u017cliwe urz\u0105dzeniem mobilnym takim jak smartphone czy tablet. Wystarczy zadzwoni\u0107 lub, po wcze\u015bniejszej rejestracji mailowej skorzysta\u0107 z systemu zg\u0142osze\u0144 <a href=\"https:\/\/support.sgkomp.pl\" data-type=\"link\" data-id=\"https:\/\/support.sgkomp.pl\">https:\/\/support.sgkomp.pl<\/a> aby otrzyma\u0107 pomoc.<\/p>\n","protected":false},"excerpt":{"rendered":"<p>\ud83d\udce8 Serwery pocztowe &#8211; je\u015bli potrzebujesz poczty elektronicznej kt\u00f3ra na prawd\u0119 b\u0119dzie twoja. Je\u017celi bezpiecze\u0144stwo i poufno\u015b\u0107 twojej poczty e-mail jest dla Ciebie najwy\u017cszym priorytetem. To na pewno zainteresuje Ci\u0119 nasze rozwi\u0105zanie, oferujemy system pocztowy oparty o komponenty kt\u00f3re przede &hellip; <a href=\"https:\/\/sgkomp.pl\/?page_id=46\">Czytaj dalej <span class=\"meta-nav\">&rarr;<\/span><\/a><\/p>\n","protected":false},"author":1,"featured_media":0,"parent":0,"menu_order":0,"comment_status":"closed","ping_status":"closed","template":"","meta":{"footnotes":""},"class_list":["post-46","page","type-page","status-publish","hentry"],"_links":{"self":[{"href":"https:\/\/sgkomp.pl\/index.php?rest_route=\/wp\/v2\/pages\/46","targetHints":{"allow":["GET"]}}],"collection":[{"href":"https:\/\/sgkomp.pl\/index.php?rest_route=\/wp\/v2\/pages"}],"about":[{"href":"https:\/\/sgkomp.pl\/index.php?rest_route=\/wp\/v2\/types\/page"}],"author":[{"embeddable":true,"href":"https:\/\/sgkomp.pl\/index.php?rest_route=\/wp\/v2\/users\/1"}],"replies":[{"embeddable":true,"href":"https:\/\/sgkomp.pl\/index.php?rest_route=%2Fwp%2Fv2%2Fcomments&post=46"}],"version-history":[{"count":5,"href":"https:\/\/sgkomp.pl\/index.php?rest_route=\/wp\/v2\/pages\/46\/revisions"}],"predecessor-version":[{"id":51,"href":"https:\/\/sgkomp.pl\/index.php?rest_route=\/wp\/v2\/pages\/46\/revisions\/51"}],"wp:attachment":[{"href":"https:\/\/sgkomp.pl\/index.php?rest_route=%2Fwp%2Fv2%2Fmedia&parent=46"}],"curies":[{"name":"wp","href":"https:\/\/api.w.org\/{rel}","templated":true}]}}